{"id":1053,"date":"2020-03-31T23:04:08","date_gmt":"2020-04-01T02:04:08","guid":{"rendered":"http:\/\/52.12.190.249\/site\/?page_id=1053"},"modified":"2021-01-08T12:37:51","modified_gmt":"2021-01-08T15:37:51","slug":"quem-somos","status":"publish","type":"page","link":"https:\/\/icaretravel.com.br\/site\/quem-somos\/","title":{"rendered":"QUEM SOMOS"},"content":{"rendered":"\t\t<div data-elementor-type=\"wp-page\" data-elementor-id=\"1053\" class=\"elementor elementor-1053\" data-elementor-settings=\"[]\">\n\t\t\t\t\t\t<div class=\"elementor-inner\">\n\t\t\t\t\t\t\t<div class=\"elementor-section-wrap\">\n\t\t\t\t\t\t\t<section class=\"elementor-section elementor-top-section elementor-element elementor-element-48eea2e elementor-section-full_width elementor-section-height-default elementor-section-height-default\" data-id=\"48eea2e\" data-element_type=\"section\" data-settings=\"{&quot;background_background&quot;:&quot;classic&quot;}\">\n\t\t\t\t\t\t<div class=\"elementor-container elementor-column-gap-default\">\n\t\t\t\t\t\t\t<div class=\"elementor-row\">\n\t\t\t\t\t<div class=\"elementor-column elementor-col-50 elementor-top-column elementor-element elementor-element-25f7e22\" data-id=\"25f7e22\" data-element_type=\"column\" data-settings=\"{&quot;background_background&quot;:&quot;classic&quot;}\">\n\t\t\t<div class=\"elementor-column-wrap elementor-element-populated\">\n\t\t\t\t\t\t\t<div class=\"elementor-widget-wrap\">\n\t\t\t\t\t\t<div class=\"elementor-element elementor-element-4663f8a elementor-widget elementor-widget-heading\" data-id=\"4663f8a\" data-element_type=\"widget\" data-widget_type=\"heading.default\">\n\t\t\t\t<div class=\"elementor-widget-container\">\n\t\t\t<h2 class=\"elementor-heading-title elementor-size-default\"><B>ESPECIALISTAS EM VIAGENS INTERNACIONAIS\n<BR>E SEGURO VIAGEM<\/h2>\t\t<\/div>\n\t\t\t\t<\/div>\n\t\t\t\t\t\t<\/div>\n\t\t\t\t\t<\/div>\n\t\t<\/div>\n\t\t\t\t<div class=\"elementor-column elementor-col-50 elementor-top-column elementor-element elementor-element-2b23ed7 elementor-hidden-phone\" data-id=\"2b23ed7\" data-element_type=\"column\">\n\t\t\t<div class=\"elementor-column-wrap\">\n\t\t\t\t\t\t\t<div class=\"elementor-widget-wrap\">\n\t\t\t\t\t\t\t\t<\/div>\n\t\t\t\t\t<\/div>\n\t\t<\/div>\n\t\t\t\t\t\t\t\t<\/div>\n\t\t\t\t\t<\/div>\n\t\t<\/section>\n\t\t\t\t<section class=\"elementor-section elementor-top-section elementor-element elementor-element-cd271c2 elementor-section-boxed elementor-section-height-default elementor-section-height-default\" data-id=\"cd271c2\" data-element_type=\"section\" data-settings=\"{&quot;background_background&quot;:&quot;classic&quot;}\">\n\t\t\t\t\t\t<div class=\"elementor-container elementor-column-gap-default\">\n\t\t\t\t\t\t\t<div class=\"elementor-row\">\n\t\t\t\t\t<div class=\"elementor-column elementor-col-100 elementor-top-column elementor-element elementor-element-391d7a8\" data-id=\"391d7a8\" data-element_type=\"column\">\n\t\t\t<div class=\"elementor-column-wrap elementor-element-populated\">\n\t\t\t\t\t\t\t<div class=\"elementor-widget-wrap\">\n\t\t\t\t\t\t<div class=\"elementor-element elementor-element-c530565 elementor-widget elementor-widget-spacer\" data-id=\"c530565\" data-element_type=\"widget\" data-widget_type=\"spacer.default\">\n\t\t\t\t<div class=\"elementor-widget-container\">\n\t\t\t\t\t<div class=\"elementor-spacer\">\n\t\t\t<div class=\"elementor-spacer-inner\"><\/div>\n\t\t<\/div>\n\t\t\t\t<\/div>\n\t\t\t\t<\/div>\n\t\t\t\t\t\t<\/div>\n\t\t\t\t\t<\/div>\n\t\t<\/div>\n\t\t\t\t\t\t\t\t<\/div>\n\t\t\t\t\t<\/div>\n\t\t<\/section>\n\t\t\t\t<section class=\"elementor-section elementor-top-section elementor-element elementor-element-7523785 elementor-section-boxed elementor-section-height-default elementor-section-height-default\" data-id=\"7523785\" data-element_type=\"section\">\n\t\t\t\t\t\t<div class=\"elementor-container elementor-column-gap-default\">\n\t\t\t\t\t\t\t<div class=\"elementor-row\">\n\t\t\t\t\t<div class=\"elementor-column elementor-col-100 elementor-top-column elementor-element elementor-element-1c2e22d\" data-id=\"1c2e22d\" data-element_type=\"column\">\n\t\t\t<div class=\"elementor-column-wrap elementor-element-populated\">\n\t\t\t\t\t\t\t<div class=\"elementor-widget-wrap\">\n\t\t\t\t\t\t<div class=\"elementor-element elementor-element-b5db3e9 elementor-widget elementor-widget-text-editor\" data-id=\"b5db3e9\" data-element_type=\"widget\" data-widget_type=\"text-editor.default\">\n\t\t\t\t<div class=\"elementor-widget-container\">\n\t\t\t\t\t<div class=\"elementor-text-editor elementor-clearfix\">O <b>iCare<\/b> \u00e9 uma empresa brasileira, que nasceu em 2013 para oferecer aos clientes <b>as melhores solu\u00e7\u00f5es de seguro e assist\u00eancia em viagem<\/b>.<\/p>\n\n<p>Oferecemos produtos desenvolvidos em parceria com seguradoras e empresas tradicionais, especializadas em seguros e assist\u00eancia em viagem, que contam com as maiores redes de prestadores de servi\u00e7os dentro e fora do Brasil, garantindo <b>atendimento de alta qualidade<\/b> e <b>atendimento Mundial<\/b>.<\/p>\n\nO <b>Seguro e Assist\u00eancia Viagem iCare<\/b> oferece cobertura em emerg\u00eancias m\u00e9dicas, oferecendo confian\u00e7a e excelente custo e benef\u00edcios, incluindo prote\u00e7\u00e3o contra extravio de bagagens e outras coberturas detalhadas em cada uma das suas ap\u00f3lices.<\/div>\n\t\t\t\t<\/div>\n\t\t\t\t<\/div>\n\t\t\t\t\t\t<\/div>\n\t\t\t\t\t<\/div>\n\t\t<\/div>\n\t\t\t\t\t\t\t\t<\/div>\n\t\t\t\t\t<\/div>\n\t\t<\/section>\n\t\t\t\t<section class=\"elementor-section elementor-top-section elementor-element elementor-element-df32c47 elementor-section-boxed elementor-section-height-default elementor-section-height-default\" data-id=\"df32c47\" data-element_type=\"section\" data-settings=\"{&quot;background_background&quot;:&quot;classic&quot;}\">\n\t\t\t\t\t\t\t<div class=\"elementor-background-overlay\"><\/div>\n\t\t\t\t\t\t\t<div class=\"elementor-container elementor-column-gap-default\">\n\t\t\t\t\t\t\t<div class=\"elementor-row\">\n\t\t\t\t\t<div class=\"elementor-column elementor-col-100 elementor-top-column elementor-element elementor-element-d4b025c\" data-id=\"d4b025c\" data-element_type=\"column\">\n\t\t\t<div class=\"elementor-column-wrap elementor-element-populated\">\n\t\t\t\t\t\t\t<div class=\"elementor-widget-wrap\">\n\t\t\t\t\t\t<div class=\"elementor-element elementor-element-9ea20c3 elementor-widget elementor-widget-heading\" data-id=\"9ea20c3\" data-element_type=\"widget\" data-widget_type=\"heading.default\">\n\t\t\t\t<div class=\"elementor-widget-container\">\n\t\t\t<h2 class=\"elementor-heading-title elementor-size-default\">nossos parceiros<\/h2>\t\t<\/div>\n\t\t\t\t<\/div>\n\t\t\t\t\t\t<\/div>\n\t\t\t\t\t<\/div>\n\t\t<\/div>\n\t\t\t\t\t\t\t\t<\/div>\n\t\t\t\t\t<\/div>\n\t\t<\/section>\n\t\t\t\t<section class=\"elementor-section elementor-top-section elementor-element elementor-element-2bfbfc6 elementor-section-boxed elementor-section-height-default elementor-section-height-default\" data-id=\"2bfbfc6\" data-element_type=\"section\" data-settings=\"{&quot;background_background&quot;:&quot;classic&quot;}\">\n\t\t\t\t\t\t\t<div class=\"elementor-background-overlay\"><\/div>\n\t\t\t\t\t\t\t<div class=\"elementor-container elementor-column-gap-default\">\n\t\t\t\t\t\t\t<div class=\"elementor-row\">\n\t\t\t\t\t<div class=\"elementor-column elementor-col-50 elementor-top-column elementor-element elementor-element-540d297\" data-id=\"540d297\" data-element_type=\"column\" data-settings=\"{&quot;background_background&quot;:&quot;classic&quot;}\">\n\t\t\t<div class=\"elementor-column-wrap elementor-element-populated\">\n\t\t\t\t\t\t\t<div class=\"elementor-widget-wrap\">\n\t\t\t\t\t\t<div class=\"elementor-element elementor-element-e78dcc0 elementor-widget elementor-widget-image\" data-id=\"e78dcc0\" data-element_type=\"widget\" data-widget_type=\"image.default\">\n\t\t\t\t<div class=\"elementor-widget-container\">\n\t\t\t\t\t<div class=\"elementor-image\">\n\t\t\t\t\t\t\t\t\t\t<img loading=\"lazy\" decoding=\"async\" width=\"135\" height=\"112\" src=\"https:\/\/icaretravel.com.br\/site\/wp-content\/uploads\/2020\/04\/PARCEIRO_APRIL.png\" class=\"attachment-large size-large\" alt=\"\" \/>\t\t\t\t\t\t\t\t\t\t\t<\/div>\n\t\t\t\t<\/div>\n\t\t\t\t<\/div>\n\t\t\t\t\t\t<\/div>\n\t\t\t\t\t<\/div>\n\t\t<\/div>\n\t\t\t\t<div class=\"elementor-column elementor-col-50 elementor-top-column elementor-element elementor-element-1ab6a17\" data-id=\"1ab6a17\" data-element_type=\"column\" data-settings=\"{&quot;background_background&quot;:&quot;classic&quot;}\">\n\t\t\t<div class=\"elementor-column-wrap elementor-element-populated\">\n\t\t\t\t\t\t\t<div class=\"elementor-widget-wrap\">\n\t\t\t\t\t\t<div class=\"elementor-element elementor-element-87003a6 elementor-widget elementor-widget-text-editor\" data-id=\"87003a6\" data-element_type=\"widget\" data-widget_type=\"text-editor.default\">\n\t\t\t\t<div class=\"elementor-widget-container\">\n\t\t\t\t\t<div class=\"elementor-text-editor elementor-clearfix\"><p>Com mais de 30 anos de experi\u00eancia em\u00a0 SEGURO VIAGEM a CORIS segue cuidando de voc\u00ea quando voc\u00ea mais precisa.\u00a0De acordo com a Revista Seguro Total,\u00a0<\/p><p>&#8220;Comprometidos com a entrega de nossos servi\u00e7os, oferecemos exclusividade e excel\u00eancia no atendimento e garantimos a sua seguran\u00e7a antes, durante e depois da viagem com os produtos e coberturas mais completos do mercado.uma das principais revistas do setor,\u00a0<\/p><p>Sempre atenta as inova\u00e7\u00f5es, priorizando a igualdade entre todos colaboradores, parceiros e clientes, continuamos com o prop\u00f3sito de ser o SEGURO que voc\u00ea pode confiar.&#8221;<\/p><p>a CORIS \u00e9 destaque em Seguro Viagem e Assist\u00eancia ao viajante<\/p><\/div>\n\t\t\t\t<\/div>\n\t\t\t\t<\/div>\n\t\t\t\t\t\t<\/div>\n\t\t\t\t\t<\/div>\n\t\t<\/div>\n\t\t\t\t\t\t\t\t<\/div>\n\t\t\t\t\t<\/div>\n\t\t<\/section>\n\t\t\t\t<section class=\"elementor-section elementor-top-section elementor-element elementor-element-af60781 elementor-section-boxed elementor-section-height-default elementor-section-height-default\" data-id=\"af60781\" data-element_type=\"section\" data-settings=\"{&quot;background_background&quot;:&quot;classic&quot;}\">\n\t\t\t\t\t\t\t<div class=\"elementor-background-overlay\"><\/div>\n\t\t\t\t\t\t\t<div class=\"elementor-container elementor-column-gap-default\">\n\t\t\t\t\t\t\t<div class=\"elementor-row\">\n\t\t\t\t\t<div class=\"elementor-column elementor-col-50 elementor-top-column elementor-element elementor-element-4ba2d23\" data-id=\"4ba2d23\" data-element_type=\"column\" data-settings=\"{&quot;background_background&quot;:&quot;classic&quot;}\">\n\t\t\t<div class=\"elementor-column-wrap elementor-element-populated\">\n\t\t\t\t\t\t\t<div class=\"elementor-widget-wrap\">\n\t\t\t\t\t\t<div class=\"elementor-element elementor-element-87fc64e elementor-widget elementor-widget-text-editor\" data-id=\"87fc64e\" data-element_type=\"widget\" data-widget_type=\"text-editor.default\">\n\t\t\t\t<div class=\"elementor-widget-container\">\n\t\t\t\t\t<div class=\"elementor-text-editor elementor-clearfix\"><p style=\"text-align: rigth;\">ASSIST CARD \u00e9 a empresa l\u00edder mundial em assist\u00eancia detalhada de viagens. Foi fundada na Su\u00ed\u00e7a em 1972 e \u00e9 membro do grupo STARR COMPANIES desde 2011.<\/p>\n<p>Foi pioneira no desenvolvimento do conceito de auxiliar pessoas em viagens, oferecendo-lhes atendimento imediato em caso de qualquer evento em qualquer lugar do mundo.<\/p>\n<p>Para isso, gerencia a maior rede global de provedores do mundo com altos padr\u00f5es de qualidade, com a capacidade de resolver com efici\u00eancia desde os problemas mais simples at\u00e9 os mais complexos, atrav\u00e9s de um \u00fanico contato.<\/p><\/div>\n\t\t\t\t<\/div>\n\t\t\t\t<\/div>\n\t\t\t\t\t\t<\/div>\n\t\t\t\t\t<\/div>\n\t\t<\/div>\n\t\t\t\t<div class=\"elementor-column elementor-col-50 elementor-top-column elementor-element elementor-element-99ed8da\" data-id=\"99ed8da\" data-element_type=\"column\" data-settings=\"{&quot;background_background&quot;:&quot;classic&quot;}\">\n\t\t\t<div class=\"elementor-column-wrap elementor-element-populated\">\n\t\t\t\t\t\t\t<div class=\"elementor-widget-wrap\">\n\t\t\t\t\t\t<div class=\"elementor-element elementor-element-a923c4d elementor-widget elementor-widget-image\" data-id=\"a923c4d\" data-element_type=\"widget\" data-widget_type=\"image.default\">\n\t\t\t\t<div class=\"elementor-widget-container\">\n\t\t\t\t\t<div class=\"elementor-image\">\n\t\t\t\t\t\t\t\t\t\t<img loading=\"lazy\" decoding=\"async\" width=\"176\" height=\"53\" src=\"https:\/\/icaretravel.com.br\/site\/wp-content\/uploads\/2020\/04\/PARCEIRO_ASSISTCARD.png\" class=\"attachment-large size-large\" alt=\"\" \/>\t\t\t\t\t\t\t\t\t\t\t<\/div>\n\t\t\t\t<\/div>\n\t\t\t\t<\/div>\n\t\t\t\t\t\t<\/div>\n\t\t\t\t\t<\/div>\n\t\t<\/div>\n\t\t\t\t\t\t\t\t<\/div>\n\t\t\t\t\t<\/div>\n\t\t<\/section>\n\t\t\t\t<section class=\"elementor-section elementor-top-section elementor-element elementor-element-1bdff7b elementor-section-boxed elementor-section-height-default elementor-section-height-default\" data-id=\"1bdff7b\" data-element_type=\"section\" data-settings=\"{&quot;background_background&quot;:&quot;classic&quot;}\">\n\t\t\t\t\t\t\t<div class=\"elementor-background-overlay\"><\/div>\n\t\t\t\t\t\t\t<div class=\"elementor-container elementor-column-gap-default\">\n\t\t\t\t\t\t\t<div class=\"elementor-row\">\n\t\t\t\t\t<div class=\"elementor-column elementor-col-50 elementor-top-column elementor-element elementor-element-6727fb5\" data-id=\"6727fb5\" data-element_type=\"column\" data-settings=\"{&quot;background_background&quot;:&quot;classic&quot;}\">\n\t\t\t<div class=\"elementor-column-wrap elementor-element-populated\">\n\t\t\t\t\t\t\t<div class=\"elementor-widget-wrap\">\n\t\t\t\t\t\t<div class=\"elementor-element elementor-element-0a85fea elementor-widget elementor-widget-image\" data-id=\"0a85fea\" data-element_type=\"widget\" data-widget_type=\"image.default\">\n\t\t\t\t<div class=\"elementor-widget-container\">\n\t\t\t\t\t<div class=\"elementor-image\">\n\t\t\t\t\t\t\t\t\t\t<img loading=\"lazy\" decoding=\"async\" width=\"189\" height=\"45\" src=\"https:\/\/icaretravel.com.br\/site\/wp-content\/uploads\/2020\/04\/PARCEIROS_TRAVELACE.png\" class=\"attachment-large size-large\" alt=\"\" \/>\t\t\t\t\t\t\t\t\t\t\t<\/div>\n\t\t\t\t<\/div>\n\t\t\t\t<\/div>\n\t\t\t\t\t\t<\/div>\n\t\t\t\t\t<\/div>\n\t\t<\/div>\n\t\t\t\t<div class=\"elementor-column elementor-col-50 elementor-top-column elementor-element elementor-element-31f9537\" data-id=\"31f9537\" data-element_type=\"column\" data-settings=\"{&quot;background_background&quot;:&quot;classic&quot;}\">\n\t\t\t<div class=\"elementor-column-wrap elementor-element-populated\">\n\t\t\t\t\t\t\t<div class=\"elementor-widget-wrap\">\n\t\t\t\t\t\t<div class=\"elementor-element elementor-element-eee93c1 elementor-widget elementor-widget-text-editor\" data-id=\"eee93c1\" data-element_type=\"widget\" data-widget_type=\"text-editor.default\">\n\t\t\t\t<div class=\"elementor-widget-container\">\n\t\t\t\t\t<div class=\"elementor-text-editor elementor-clearfix\"><p>Mais de 35 anos de experi\u00eancia em servi\u00e7os de assist\u00eancia ao viajante &#8211;\u00a0 Prote\u00e7\u00e3o integral 24\/365 &#8211; Cobertura em todo o mundo &#8211; Equipe profissional altamente treinada<\/p><p>EXPERI\u00caNCIA Possu\u00edmos centrais de atendimento pr\u00f3prias em todo o mundo com a finalidade de fortalecer uma rede de servi\u00e7os que possibilite a todos os clientes solucionar qualquer imprevisto durante suas viagens. ASSIST\u00caNCIA Estamos presentes em 150 pa\u00edses com uma equipe de profissionais altamente qualificados e treinados para responder de modo eficaz e confi\u00e1vel. Nossos servi\u00e7os de assist\u00eancia contam com o certificado de qualidade ISO 9001. APOIO Fazemos parte de um Grupo Internacional especializado na presta\u00e7\u00e3o de servi\u00e7os de assist\u00eancia atrav\u00e9s de diversas marcas, entre as quais encontramos Travel Ace Assistance..\u00a0<\/p><p><b>Sua Tranquilidade Agora Se Chama Universal Assistance<\/b><\/p><\/div>\n\t\t\t\t<\/div>\n\t\t\t\t<\/div>\n\t\t\t\t\t\t<\/div>\n\t\t\t\t\t<\/div>\n\t\t<\/div>\n\t\t\t\t\t\t\t\t<\/div>\n\t\t\t\t\t<\/div>\n\t\t<\/section>\n\t\t\t\t\t\t<\/div>\n\t\t\t\t\t\t<\/div>\n\t\t\t\t\t<\/div>\n\t\t","protected":false},"excerpt":{"rendered":"<p>ESPECIALISTAS EM VIAGENS INTERNACIONAIS E SEGURO VIAGEM O iCare \u00e9 uma empresa brasileira, que nasceu em 2013 para oferecer aos clientes as melhores solu\u00e7\u00f5es de seguro e assist\u00eancia em viagem. Oferecemos produtos desenvolvidos em parceria com seguradoras e empresas tradicionais, especializadas em seguros e assist\u00eancia em viagem, que contam com as maiores redes de prestadores&#8230;  <a class=\"excerpt-read-more\" href=\"https:\/\/icaretravel.com.br\/site\/quem-somos\/\" title=\"Read QUEM SOMOS\">Ler mais &raquo;<\/a><\/p>\n","protected":false},"author":6,"featured_media":0,"parent":0,"menu_order":0,"comment_status":"closed","ping_status":"closed","template":"elementor_header_footer","meta":{"footnotes":""},"class_list":["post-1053","page","type-page","status-publish","hentry"],"yoast_head":"<!-- This site is optimized with the Yoast SEO plugin v14.9 - https:\/\/yoast.com\/wordpress\/plugins\/seo\/ -->\n<meta name=\"robots\" content=\"index, follow, max-snippet:-1, max-image-preview:large, max-video-preview:-1\" \/>\n<link rel=\"canonical\" href=\"https:\/\/icaretravel.com.br\/site\/quem-somos\/\" \/>\n<meta property=\"og:locale\" content=\"pt_BR\" \/>\n<meta property=\"og:type\" content=\"article\" \/>\n<meta property=\"og:title\" content=\"QUEM SOMOS | iCare Travel Assistance\" \/>\n<meta property=\"og:description\" content=\"ESPECIALISTAS EM VIAGENS INTERNACIONAIS E SEGURO VIAGEM O iCare \u00e9 uma empresa brasileira, que nasceu em 2013 para oferecer aos clientes as melhores solu\u00e7\u00f5es de seguro e assist\u00eancia em viagem. Oferecemos produtos desenvolvidos em parceria com seguradoras e empresas tradicionais, especializadas em seguros e assist\u00eancia em viagem, que contam com as maiores redes de prestadores... Ler mais &raquo;\" \/>\n<meta property=\"og:url\" content=\"https:\/\/icaretravel.com.br\/site\/quem-somos\/\" \/>\n<meta property=\"og:site_name\" content=\"iCare Travel Assistance\" \/>\n<meta property=\"article:modified_time\" content=\"2021-01-08T15:37:51+00:00\" \/>\n<meta property=\"og:image\" content=\"https:\/\/icaretravel.com.br\/site\/wp-content\/uploads\/2020\/04\/PARCEIRO_APRIL.png\" \/>\n<meta name=\"twitter:card\" content=\"summary\" \/>\n<script type=\"application\/ld+json\" class=\"yoast-schema-graph\">{\"@context\":\"https:\/\/schema.org\",\"@graph\":[{\"@type\":\"WebSite\",\"@id\":\"https:\/\/icaretravel.com.br\/site\/#website\",\"url\":\"https:\/\/icaretravel.com.br\/site\/\",\"name\":\"iCare Travel Assistance\",\"description\":\"\",\"potentialAction\":[{\"@type\":\"SearchAction\",\"target\":\"https:\/\/icaretravel.com.br\/site\/?s={search_term_string}\",\"query-input\":\"required name=search_term_string\"}],\"inLanguage\":\"pt-BR\"},{\"@type\":\"ImageObject\",\"@id\":\"https:\/\/icaretravel.com.br\/site\/quem-somos\/#primaryimage\",\"inLanguage\":\"pt-BR\",\"url\":\"https:\/\/icaretravel.com.br\/site\/wp-content\/uploads\/2020\/04\/PARCEIRO_APRIL.png\",\"width\":135,\"height\":112},{\"@type\":\"WebPage\",\"@id\":\"https:\/\/icaretravel.com.br\/site\/quem-somos\/#webpage\",\"url\":\"https:\/\/icaretravel.com.br\/site\/quem-somos\/\",\"name\":\"QUEM SOMOS | iCare Travel Assistance\",\"isPartOf\":{\"@id\":\"https:\/\/icaretravel.com.br\/site\/#website\"},\"primaryImageOfPage\":{\"@id\":\"https:\/\/icaretravel.com.br\/site\/quem-somos\/#primaryimage\"},\"datePublished\":\"2020-04-01T02:04:08+00:00\",\"dateModified\":\"2021-01-08T15:37:51+00:00\",\"inLanguage\":\"pt-BR\",\"potentialAction\":[{\"@type\":\"ReadAction\",\"target\":[\"https:\/\/icaretravel.com.br\/site\/quem-somos\/\"]}]}]}<\/script>\n<!-- \/ Yoast SEO plugin. -->","_links":{"self":[{"href":"https:\/\/icaretravel.com.br\/site\/wp-json\/wp\/v2\/pages\/1053","targetHints":{"allow":["GET"]}}],"collection":[{"href":"https:\/\/icaretravel.com.br\/site\/wp-json\/wp\/v2\/pages"}],"about":[{"href":"https:\/\/icaretravel.com.br\/site\/wp-json\/wp\/v2\/types\/page"}],"author":[{"embeddable":true,"href":"https:\/\/icaretravel.com.br\/site\/wp-json\/wp\/v2\/users\/6"}],"replies":[{"embeddable":true,"href":"https:\/\/icaretravel.com.br\/site\/wp-json\/wp\/v2\/comments?post=1053"}],"version-history":[{"count":70,"href":"https:\/\/icaretravel.com.br\/site\/wp-json\/wp\/v2\/pages\/1053\/revisions"}],"predecessor-version":[{"id":2999,"href":"https:\/\/icaretravel.com.br\/site\/wp-json\/wp\/v2\/pages\/1053\/revisions\/2999"}],"wp:attachment":[{"href":"https:\/\/icaretravel.com.br\/site\/wp-json\/wp\/v2\/media?parent=1053"}],"curies":[{"name":"wp","href":"https:\/\/api.w.org\/{rel}","templated":true}]}}